5). Let l(m) = -m**3 - 19*m**2 - 16*m + 34. Let p be l(-18). Is r + -16 + p/((-2)/515) composite?
True
Is 61 - 57 - (-2059)/1 prime?
True
Suppose -n - 4*s = -2, 2*s - s = 0. Suppose 6*b - 3*o + 20721 = 9*b, n*b - 13802 = 4*o. Is b a prime number?
False
Suppose 4*v = -10*v + 112. Is (-2)/(v/(-6316)) + 4 prime?
True
Suppose 3*u - 10301 = -w, 5*u - 18990 = -4*w - 1817. Is u composite?
False
Is ((-1)/(-5) - (-24)/(-320))*154366704/18 a prime number?
True
Let u be (-711092)/(-12) + 8/(-12). Suppose -12*n - 55367 = u. Let c = n - -13541. Is c composite?
False
Let p(i) = -34*i**3 + 6*i**2 + 14*i - 10. Let o be p(4). Let q = 2963 + o. Is q a composite number?
False
Suppose -291154 = -28*p + 8*p + 18*p. Is p prime?
True
Let s be 2/((-4)/(-5)) + 74/(-148). Is (s - 19720 - -5)/((-6)/10) prime?
False
Let z(l) = -39*l**2 - 7*l - 41. Let q(k) = 157*k**2 + 27*k + 166. Let a(n) = -2*q(n) - 9*z(n). Is a(-13) prime?
True
Let d(o) = 1000*o**2 - 35*o + 218. Is d(7) a composite number?
False
Suppose 24*n - 20*n = 28. Suppose -s - z = -n, -18 + 2 = -s - 4*z. Suppose -5*l = -5*p + 12390, -4*p - 2503 = -5*p - s*l. Is p prime?
False
Suppose 0 = -b - 2*p - 19172 + 72581, 4*p = b - 53445. Is b a composite number?
True
Let k = -95 + 148. Let x = k + -49. Suppose q = -x*q + 8555. Is q a composite number?
True
Let d(i) = i**2 + 3*i + 2. Let u be d(-5). Let q(w) = 5*w**2 - 3*w - 11. Is q(u) composite?
False
Let u(d) = -d**3 - 3*d**2 + d + 5. Suppose 2*w + 0*w = 96. Suppose 2*h + 5*n + 4 = -h, -2*n + w = -5*h. Is u(h) a prime number?
True
Let n be 1437/9*1 + 7/21. Let y(b) = n*b - 51 - 54 + 106. Is y(3) a composite number?
True
Suppose 485 = 5*z - 210. Let g(i) = -30*i**3 - z*i**3 + 40*i**3. Is g(-1) a composite number?
True
Let k(g) = 624*g + 889. Is k(51) a composite number?
False
Let u = 68 - 64. Suppose u = b - 0. Suppose b*c + 4*k - 10016 = 0, -3165 - 4345 = -3*c - k. Is c composite?
False
Suppose 3*n - 6*n = 5*y + 25106, -4*y = 2*n + 20084. Let f = y - -7761. Is f a prime number?
True
Let g = 1496900 + -1052685. Is g composite?
True
Suppose -2*c = -2*x - 5098, 0 = c - 5*c + 5*x + 10195. Suppose 5*a = f + 5752, -2*a = 4*f + 236 - c. Is a a composite number?
False
Suppose -3*t - 1331*h + 47193 = -1329*h, -4*h = -t + 15703. Is t prime?
True
Let g = -87062 - -151729. Is g prime?
True
Let h = 52 + -48. Let b(w) = h*w - 45*w - 20*w + 52 - 22*w. Is b(-5) a composite number?
False
Suppose -2*h - h = m + 6, 5*m = 2*h + 55. Suppose 10*u - 29 = m*u. Let a(t) = t**2 - 14*t - 40. Is a(u) a prime number?
False
Is (-410227)/(-6) + (9/36)/(6/(-4)) a composite number?
False
Let y(n) = -n**3 + 2*n**2 + 4*n + 3457. Let o(w) = w**2 + 11*w - 26. Suppose 3 = -5*i - 62. Let d be o(i). Is y(d) a prime number?
True
Let r(i) = 2*i**2 + 2*i - 257. Let u be r(0). Let g = u - -143. Let a = 563 + g. Is a composite?
False
Let y = 57 - -155. Let v be (-7)/14*-6 - y/2. Let o = 230 + v. Is o composite?
False
Let x(j) = -415502*j - 601. Is x(-3) prime?
False
Let t be (-2)/(-4)*0/10. Suppose 0*v + 5*v + 15 = t. Is (2141 - v) + 20/4 composite?
True
Let n = 98 + -87. Suppose -6*d - 20 = -n*d. Is ((-19145)/14)/((-2)/d) composite?
True
Suppose -3*q = 3*q - 120. Suppose q*b = 17*b + 10590. Suppose 2*v + 278 = p - 427, 5*p = 5*v + b. Is p a composite number?
True
Let p(f) = f + 7. Let o be p(0). Let m(y) = -202*y + 27. Let a(k) = k - 1. Let x(h) = 2*a(h) - m(h). Is x(o) a prime number?
True
Let h be (243 - (-1 - 1))*1. Let a = 47 + -39. Suppose z - h = a. Is z a prime number?
False
Let r = -28619 + 42736. Suppose 0 = 2*k - 3*v - 77329, 4*k + r = -4*v + 168805. Is k prime?
True
Let y(o) = -23*o - 87 + 29*o**2 + 117 - 105 + 4*o**3 - 2*o**3. Is y(-14) prime?
True
Let g(t) = -134048*t**3 - 2*t**2 - 3*t. Is g(-1) composite?
True
Suppose 3712132 - 884834 = 46*l. Is l composite?
False
Let g(r) = -33393*r + 197. Is g(-6) a composite number?
True
Let a(l) = 2349*l**3 + 15*l**2 - 5*l + 8. Is a(5) a prime number?
True
Let a(j) = 21*j**3 + 16*j**2 + 116*j + 46. Is a(31) a composite number?
False
Suppose 0 = -5*s + 3*n - 282, 2*n = s - 41 + 103. Let m = s - -56. Suppose -t + m*r - r = -2649, 5*r = -2*t + 5298. Is t a composite number?
True
Let t = -81 + 81. Suppose -5*u + p - 30 = t, 10 = -u + 4*u + 5*p. Is 1557 + (-3 - u - 0) prime?
True
Let y = 3 + 8. Suppose 3*w - w = r + y, -9 = 3*r. Suppose 2*q = -2*x + 4*q + 1192, -w*x + 2381 = -5*q. Is x composite?
False
Suppose 3*g = -4*c + 18161, -6*g - 5*c + 36292 = -3*c. Is g a composite number?
False
Let l(t) be the third derivative of t**4/24 - t**3 + 14*t**2. Let g be l(3). Is (949 - g) + -2 + 3 prime?
True
Let v = -26 + 20. Let z be ((-3)/v)/((-3)/(-24)). Suppose 1032 = 4*w - z*a, 2*w - 5*w + 769 = -2*a. Is w prime?
False
Suppose 4*f + 4*t - 5906 = 3*t, -t + 2 = 0. Let m be (f/27)/(4/42). Suppose 3*s = s + m. Is s prime?
False
Suppose 203 = -x + 49. Let k = -121 + x. Let w = -154 - k. Is w a composite number?
True
Let x be (33/3)/((-2)/(-8)). Suppose 0 = -f - 10*f + x. Suppose -4*h = -3*c - 5009, 1286 - 6299 = -f*h - c. Is h a composite number?
True
Let y(a) = 26*a**3 + 2*a + 2. Suppose -10 = -i - 8. Let j be y(i). Suppose -188 = -2*f + j. Is f a composite number?
True
Suppose 5*s - 5*s + 2112911 = 29*s. Is s a prime number?
True
Let z(v) = 283*v**2 + 72*v - 17. Suppose -3*u + 5*n = 4 + 10, -10 = u + n. Is z(u) prime?
True
Let k be (-4 - (-112)/20) + (-4)/(-10). Suppose 3*x - 31238 = -k*g, 4*x + 15597 = -8*g + 9*g. Is g a composite number?
True
Let r = -17 + 18. Let q be (-66)/44*(r - (3 - 0)). Suppose 0 = -k - q*s + 151, -5*s + 189 - 1024 = -5*k. Is k composite?
False
Let b = 27005 - 13746. Is b a prime number?
True
Suppose 2*o - 1767 = -5*h, h + h + o - 706 = 0. Let v = 942 - h. Suppose -c + v = -0*c. Is c a prime number?
True
Let u = -1032306 - -2018419. Is u a composite number?
False
Let l = -84 + 106. Let p be (-32 + l)*(3/(-2) - -1). Suppose -3*t = -p*i + 10501, 2*i + 2161 = -3*t + 6353. Is i a composite number?
False
Let q(i) = -i**2 - 14*i + 2. Let o be q(-14). Suppose -c = o*d + 7, -3*c - 5*d - 19 = -c. Is -3 + (4 - c - -923) a prime number?
False
Is (1 + -3)*39189*13/(-6) composite?
True
Suppose 0 = -17*a + 12*a + 10. Suppose 9 - 5 = a*u. Suppose u*x - 2257 = 3409. Is x prime?
True
Let r = 30811 + 24688. Suppose 27*y = 8*y + r. Is y composite?
True
Let h(q) be the first derivative of -68*q**2 - 13*q + 1. Suppose -11*i = 25 + 41. Is h(i) prime?
False
Let c(h) = 9*h - 55. Let g be c(6). Is g/((-4)/12430) + (-47)/94 a composite number?
True
Let i(a) = 84338*a**2 - 10*a + 41. Let c be i(4). Suppose 76*u - c = 25*u. Is u a composite number?
False
Let t(o) = -o**2 - 10*o - 6. Let s be t(-9). Suppose s*g = 754 + 7529. Is g a prime number?
False
Let i = -737 - -740. Suppose i*x - 18077 = -1430. Is x a composite number?
True
Let m(l) be the first derivative of l**4 + l**3/3 - l - 699. Let x(p) = -2*p. Let j be x(-1). Is m(j) composite?
True
Suppose -6*u + 22 = -7*u - 5*j, 4*u - 27 = 3*j. Suppose 2*c - u*x - 121 = -43, -5*c - 2*x = -195. Suppose m + c = 548. Is m a composite number?
False
Suppose 0*u = -u - 5*s + 1, 0 = -2*u - 2*s + 26. Suppose -3*p + 5*d - 151 + 23 = 0, -4*d + u = 0. Is (-4)/p*3453*3 prime?
True
Let r(x) = -13272*x + 38. Let t be r(-2). Suppose -t = 22*a - 133524. Is a prime?
True
Suppose 12 = -0*i + 6*i. Suppose 2 = 2*o + i. Suppose o = -23*n + 12*n + 7403. Is n composite?
False
Let o(u) = -43594*u**3 + 24*u**2 + 21*u. Is o(-1) prime?
True
Let u = 2604 - -1055. Is u composite?
False
Suppose -2*i - 2*c = -43368, 0 = i + 4*c - 8560 - 13115. Is i a composite number?
True
Suppose -4*l + 8 - 15 = -5*v, 3*v - 5*l + 1 = 0. Suppose 2*m + 17793 = v*o, -5*m = -1 - 14. Is o prime?
False
Suppose 15*d - 14*d = 3*x + 25, 3*x + 15 = 0. Suppose 3*u + 2*c = -3*c + 2286, 763 = u + 2*c. Suppose 3*s - u = 2*o, 0 = -3*o - 5 - d. Is s composite?
True
Is 21/(-28) + 911/(-4)*-41 a prime number?
True
Let o = -71602 + 45822. Let f = 41325 + o. Is f composite?
True
Let t = -147653 + 290242. Is t prime?
True
Suppose -935*t - 173618 = -937*t. Is t a prime number?
False
Suppose m = 5*n - 3*m - 19, 5*n - 12 = -3*m. Let h(l) = 0*l**2 + 8*l**2 - l + 7 + l**2 + 1. Is h(n) a prime number?
False
Let g = -21734 - -37308. Suppose -35*u = -48*u + g. Is u a composite number?
True
Let y(s) =